 7*y**2 + 6*y - 7. Let c(w) = -w**3 - 8*w**2 + 7*w - 8. Let g(k) = -4*c(k) + 5*z(k). Suppose 500 = -1382*u + 1632*u. Give g(u).
-19
Let k be (-1 - -2) + (14 - -6). Let n = k + -19. Let m(i) = 4*i**n - 1 + 2*i - 8*i**2 + 3*i**2. What is m(2)?
-1
Let r = 1636 + -1638. Let i(d) be the third derivative of d**4/2 + 32*d**2. Give i(r).
-24
Let i(t) = t**2 + 50*t + 136. Let o be i(-47). Let d(l) = l**2 + 12*l + 1. What is d(o)?
-34
Let v(f) = 5*f**2 - f. Let j(k) = 16*k**2 - 3. Let r(s) = -2*j(s) + 7*v(s). Determine r(3).
12
Let c be 78/13 + 405 + (5 - 3). Suppose -c = -3*v - 419. Let s(a) be the third derivative of -a**4/8 + a**3/6 - a**2. Determine s(v).
7
Let y(s) = 245*s - 80. Let m(c) = -9*c + 3. Let j(h) = 55*m(h) + 2*y(h). Let f(k) = -1. Let o(r) = 4*f(r) + j(r). Determine o(-2).
11
Let w(h) be the first derivative of 1/2*h**2 + 26*h + 156. What is w(-13)?
13
Suppose 80*l - 94*l + 280 = 0. Let w(t) = t**3 - 19*t**2 + 19*t - 23. Let g(o) = -5*o**3 + 94*o**2 - 94*o + 114. Let s(i) = -2*g(i) - 11*w(i). Calculate s(l).
5
Suppose -46 = -28*l + 22*l - 4*u, -19 = -l + 5*u. Let w(q) = -q - 1. What is w(l)?
-10
Let b = 4 - 3. Let y(c) = -45*c**2 + 18*c + 4. Let s(h) = -11*h**2 + 4*h + 1. Let z(r) = 9*s(r) - 2*y(r). Give z(b).
-8
Suppose 11*r + 8684 = 9146. Let q(c) be the first derivative of -2*c + 1/2*c**2 - r. Give q(2).
0
Let i(q) = 3*q**3 - 3*q**2 + 10*q - 5. Let u(s) = 13*s**3 - 17*s**2 + 41*s - 20. Let c(v) = 9*i(v) - 2*u(v). What is c(-6)?
-17
Let c(f) = 13*f + 2*f + 1 - 14*f. Let h = -13 - -24. Suppose -7*b + 8 = -h*b. Calculate c(b).
-1
Let p be ((-32)/20)/((-324)/(-405)). Let r(n) = -33*n - 5. Determine r(p).
61
Let i(v) = 930 - 7*v + 916 + v**2 - 2788 - v**3 + 932. Give i(-2).
16
Let p(j) = -7145*j + 3576*j + 62 + 3573*j. Give p(-14).
6
Let a(l) = l**3 - l**2 - 3*l + 1. Let c(h) = -34*h + 5. Let t be c(2). Let g = 63 + t. Suppose 4*x - 6*x - 8 = -4*m, g = 2*x. Give a(m).
-1
Let w(o) be the first derivative of o**3/3 - 6*o**2 + 3*o - 1114. Determine w(9).
-24
Let j be (-98)/(2/(-1)) - (-1 + 0). Let c = j - 52. Let u(b) = 4*b. Give u(c).
-8
Suppose -2*f = 5*n - 9, 0*f = -2*f - 2*n + 6. Let t = f + 11. Let g(b) = 1 + b + 0*b + 10*b**2 - t*b**2. What is g(2)?
-9
Let v be 1/(1 + (-24)/22). Let h be (3*-6)/(v - -9) - -3. Suppose 4*z + h = -0*z. Let x(o) = o + 2. Give x(z).
-1
Suppose -a = 4*a + 10. Let y(d) = -d + 4. Let j(k) = -k + 2. Let f(m) = a*j(m) + 3*y(m). Determine f(12).
-4
Let x(f) = f**2 + 9*f - 5. Let u(i) = -i**3 + 11*i**2 - 2*i + 5. Let n be u(11). Let t(l) = l + 10. Let r be t(n). Determine x(r).
-19
Let n(m) = m + 3. Let f be (1/(-6))/(23/1380*-2). Calculate n(f).
8
Let g(z) = -z**2 + z. Let r(q) = -2*q**2 - 8*q - 14. Let a(t) = -5*t**2 - 14*t - 27. Let n(y) = -3*a(y) + 5*r(y). Let s(m) = 6*g(m) + n(m). Calculate s(10).
-9
Let o(j) = -32*j**3 + 9*j**3 + 8*j**2 + 13*j**3 + 9*j**3 + 14 - 8*j. Let s be o(7). Let c(a) = -a + 4 + 2 - s + 5. Give c(3).
1
Let n(s) = s + 10. Let o(j) = 16*j + 7. Let a(m) = 27*m + 14. Let h(r) = 3*a(r) - 5*o(r). Let y(g) = -7*h(g) + 6*n(g). Give y(11).
0
Let n(l) = 6*l**3 + 2*l**2 - 1. Let p(c) = -6*c - 39. Let a(h) = 13*h + 76. Let d(w) = 2*a(w) + 5*p(w). Suppose 4*z = -0*z - 44. Let x be d(z). Give n(x).
7
Let i(m) = m + 3. Let t be 3 - (-2)/(((-6)/(-3))/(-4)). Let r(g) = -3*g - 7. Let h(w) = t*r(w) - 2*i(w). What is h(-5)?
-4
Let u(a) = 6*a**2 - 8*a + 1. Let m be u(2). Let q(v) = -25 + 0*v**2 + 12*v - 3 - v**2 + 9 + m. Determine q(9).
17
Let o(n) be the second derivative of n**4/12 + 10*n**3/3 + 45*n**2 + 3*n + 64. What is o(-7)?
-1
Let h be 24/(-32) - ((-1)/(-12) - 632/(-48)). Let k(z) = -z - 8. Calculate k(h).
6
Let s(u) = -4*u + 7. Let x(i) = -12*i + 20. Let h(a) = 17*s(a) - 6*x(a). Let v(t) = t**2 + 16*t + 58. Let r be v(-5). Give h(r).
11
Let m(n) be the second derivative of n**5/10 + 5*n**4/12 + n**2/2 - 25158*n. Let u be 6/((-2)/1) - 1. What is m(u)?
-47
Let i(y) be the first derivative of -2*y**2 + y + 2*y**2 + 1 + y**2 + 0*y**2. Let c be ((-102)/255)/(1/10) + (4 - -5). Calculate i(c).
11
Suppose -4*s + 2*y + 24 = 0, -y = 4*s - 9 - 3. Let n be ((5 + -4 - 5) + s)/2. Suppose n = 4*o + 9 - 1. Let b(q) = -2*q**2 + 2. Calculate b(o).
-6
Let i = -2603 - -2599. Let a(z) = -7*z - 41. Give a(i).
-13
Let o = -6 + 8. Let g(w) be the first derivative of -w**6/360 + w**5/30 - w**4/24 + 19*w**3/3 - 11. Let v(m) be the third derivative of g(m). What is v(o)?
3
Let t be 49/(-9) + 8*10/180. Let d(c) = -5*c - 15. Let b(m) = 8*m + 22. Let k(g) = -5*b(g) - 7*d(g). What is k(t)?
20
Let n(z) = 2*z + 13. Let f be n(-8). Let q(g) = 25683*g**3 + 5*g**2 - 4*g**2 - 4*g - 25682*g**3. What is q(f)?
-6
Let q(d) be the second derivative of 2*d**3/3 - 5*d**2/2 + 1928*d. Determine q(1).
-1
Let a(x) = -x**2 - 10*x - 8. Let d = 572 - 570. Let h be d/(68/(-16) + 4). Determine a(h).
8
Let q = -1062 + 1067. Let b(n) be the third derivative of n**5/60 - n**4/4 + n**3/3 + 26*n**2. Calculate b(q).
-3
Let y = 9564 - 9556. Let x(m) = m**3 - 9*m**2 + 7*m + 15. Calculate x(y).
7
Let x(a) = -a**3 + 8*a**2 - 2*a + 9. Let q be (-5)/(-5) + 0 + 20. Suppose 2*d + k = 14, 3 - q = -d + 5*k. What is x(d)?
-7
Let u be (3/2)/(18/60). Suppose 0 = -u*a, v + 2*v - 18 = 5*a. Suppose 2*x + p = -v, -3*x - 8 = 3*p - p. Let z(k) = -k**2 - 4*k - 2. What is z(x)?
-2
Let d(a) = 2*a + 1. Let k(t) = 4*t + 14. Let m(b) = 7*d(b) - 4*k(b). Let x be (15 + 4)*-1 - 2. Give m(x).
-7
Let r be (-5 - -22) + 3 + -11. Let o(x) be the third derivative of x**6/120 - x**5/6 + 11*x**4/24 - 13*x**3/6 + x**2. Calculate o(r).
5
Let b(q) = -18*q**3 + 2*q**2 + 2*q - 3. Suppose -19*w - 1351 = -1370. Determine b(w).
-17
Let l(f) = 302*f + 13. Let p(d) = -443*d - 13. Let s(m) = 3*l(m) + 2*p(m). Calculate s(9).
193
Suppose -5*g = 5*b + 15, 0 = 5*b + 3*g - 4*g - 21. Suppose 0 = -4*d - 4*q - 12, 2*d - 29 = 6*q - q. Let j(c) = -2*c + 3 - d + 2. What is j(b)?
-3
Let h(k) be the second derivative of k**6/360 - k**5/20 - 11*k**4/24 + 62*k**3/3 + 34*k. Let m(q) be the second derivative of h(q). Determine m(8).
5
Let u(f) = -4*f - f**2 - 3*f**2 + f**3 - 2*f + 3*f - 5. Let c(n) = 78*n**3 + 6*n**2 + n - 3. Let g be c(-2). Let h = 610 + g. Determine u(h).
5
Let m(j) = j**2 + 38*j - 374. Let o be m(8). Let q(y) = 2*y**2 - 2*y - 3*y**2 + 12 - 2*y. Give q(o).
0
Suppose 4*j - 2 - 26 = 4*c, j + 18 = -4*c. Suppose -10 = -5*t + 10. Let m(h) = -3*h + t + h**2 - 5 + h + h**3. Calculate m(j).
7
Let n(s) = -s**3 - s**2 - 16. Suppose 9 = -12*b + 13*b. Suppose -4*i + 7*i = -4*g - b, -2*i = 4*g + 6. Calculate n(g).
-16
Let y be 1*-9*(2 - 88/24). Let k(a) = 5*a**3 + 8*a**2 + 27*a + 1. Let l(t) = 14*t**3 + 25*t**2 + 79*t + 3. Let m(g) = -17*k(g) + 6*l(g). Determine m(y).
1
Let k(l) = -3*l + 20. Let z(u) = -41*u - 157. Let s(m) = -3*k(m) + z(m). Calculate s(-7).
7
Let g = 54 + 108. Let x = g - 160. Let y(s) = -13*s. What is y(x)?
-26
Let t(a) = 38*a + 1. Let b(m) = 4*m + 1. Let x(i) = 5*b(i) - t(i). Give x(3).
-50
Let w = 58 - 53. Let a(v) = v**2 + 120 - 119 + 6*v - w*v. Determine a(-4).
13
Let x(y) = -126*y**2 - 15*y - 27 + 127*y**2 - 93. Determine x(-6).
6
Let u(l) = l + 1. Suppose 36 = 2*i + 24. Let v be ((-2)/i)/((-5)/465). Suppose 4*z - v = -3. What is u(z)?
8
Let x be 1944/1053 + (12/(-20) - 49/(-65)). Let r(j) = 4*j**3 - j**2 - j + 2. What is r(x)?
28
Let o(r) = r**3 + 8*r**2 + r + 9. Let j = 8093 - 8101. Determine o(j).
1
Let h(x) = x**2 + 29*x + 7*x + 36 - 5*x - 3*x**2 - 5*x. Give h(14).
8
Let w(z) be the third derivative of 11/6*z**3 + 0 - 1/24*z**4 + 0*z - 62*z**2. What is w(5)?
6
Let l(d) = d**2 - d - 1. Suppose z - k - 7 = 0, 2*k = -z + 4*k + 12. Suppose 4*u + z*i + i - 18 = 0, 0 = u + i - 5. Give l(u).
5
Let v(o) = -130*o**2 - 29*o - 40. Let f(h) = 22*h**2 - h + 2. Let j(k) = -6*f(k) - v(k). Determine j(19).
-29
Let y(o) = -o**3 + 10*o**2 - 9*o + 7. Let a be y(9). Let s(p) be the third derivative of -p**5/60 + p**4/4 + p**3 - 8*p**2 - 8. What is s(a)?
-1
Let i(t) = -11*t - 159. Let l be i(-15). Let s(m) = -16 - m + l + 6. Determine s(-8).
4
Suppose -10 = 3*i + y, -3*y - y = -3*i - 20. Suppose 45*k - 4700 + 695 = 0. Let d(h) = 4*h**2 + h**3 - 31*h + k*h - 2 - 30*h - 27*h. What is d(i)?
-6
Let z(c) = 3*c**3 - c**2 - 13*c + 3. Suppose -8*o = -12*o + 8. Let u(i) = i**3 - i**2 - 6*i + 1. Let a(g) = o*z